4 - -42.
21
16 - 7 - (36 + -17)
-10
Calculate -16 + 34 - 9 - -10.
19
What is (10 - (-20 + 18)) + 4?
16
What is (10 - (2 + 24)) + -1 + -15?
-32
Evaluate (-7 + 7 - -11) + -10 + 10.
11
35 - (-3 - (-24 - -9) - 1)
24
What is -27 + (2 - (8 + -4)) + (14 - 7)?
-22
Evaluate -16 + 12 + 10 + 2.
8
What is -21 + 9 - (4 + -1 - (5 + -2))?
-12
Evaluate 2 - -1 - (-14 + 8 + 15).
-6
What is the value of (-3 - -13) + 2 + -12 + -65 + 93?
28
What is the value of (-10 - 2) + (11 - -25)?
24
Calculate -1 + 13 - 3 - (-73 + 64).
18
What is the value of -39 - -43 - (-1 - (-2 - 7))?
-4
What is 5 - -8 - 2 - (0 - (1 - 0))?
12
What is the value of 35 + -28 - (1 + 18) - -15?
3
What is 6 + -15 + (-3 + 3 - -21)?
12
What is (-2 - 4) + (-4 - (-15 - -4))?
1
30 + -8 + -10 + -8 + -9
-5
20 - (24 - 2) - -28
26
Calculate 5 + -7 - (10 + -16) - (-1 + 15).
-10
What is -2 + 9 + (1 - (1 - (-6 + 12)))?
13
Calculate (0 - 18) + -2 + 13 + (0 - -21).
14
Evaluate -1 - (30 + (36 - 48)).
-19
What is the value of (1 - (1 + -3)) + (104 - 94)?
13
Calculate -16 + 9 + 8 - 10.
-9
Evaluate (-1 + 1 + 4 - -2) + 0 + 4.
10
Calculate -2 + 26 + -26 - (2 - 0).
-4
Calculate 19 - 6 - 4 - (-4 - -14 - 5).
4
What is the value of -3 + (-7 + 1 - (-14 + 1 + 10))?
-6
Evaluate -24 + (-6 - 8 - -40).
2
Evaluate 7 - (8 + 1 + -12).
10
Evaluate -28 - (4 - (17 + 3)).
-12
(-3 - -1 - -26) + (-42 - -33)
15
Calculate 3 - (112 + -99 + 0 + -1).
-9
What is the value of -2 + 31 - 9 - 26?
-6
Calculate 11 - (10 - 15 - -3).
13
Evaluate 2 - -35 - ((15 - 24) + 8).
38
What is -317 - -327 - (18 - 0)?
-8
6 - 1 - (2 - 1) - (1733 + -1718)
-11
Evaluate (48 - 8 - 17) + -9.
14
Calculate -4 + (13 - (30 - 8)).
-13
Calculate (42 - (50 + -18)) + (-3 - -8).
15
16 - ((11 - 11) + 7) - 14
-5
What is the value of 0 + -3 - (-11 - (-5 + 0 - 2))?
1
(6 + -2 - 8) + (2 - 14)
-16
Calculate 2 + -5 + (-2 - (-3 + 8) - -3).
-7
Evaluate -43 - (-29 + 6 - 11).
-9
Evaluate 105 + -112 + (3 + 0 - 1).
-5
6 + -26 + 47 - 22
5
What is (-5 - 10) + 3 + 8?
-4
What is 7 + (27 - (37 + -34))?
31
What is (-14 + 25 - 7) + 1?
5
Evaluate -248 + 265 + -46 + -2.
-31
Calculate (-1 - -18) + 18 + -17.
18
Evaluate -697 + 719 + 2 + -24.
0
What is the value of (-3 - (2 - 8)) + 0 + (8 - 2)?
9
Calculate 5 + (4 - -2) + (-2 - -9).
18
What is -1 + 2 + (-18 - 3) + 11?
-9
What is 11 - (45 - (2 - -38))?
6
Evaluate 15 + -16 + (-19 - (-6 + 11)).
-25
Calculate 10 + 11 + -4 + -20 + -20 + 1.
-22
Calculate -3 + 15 + -5 + -12.
-5
What is -2 - -2 - (35 + -43 + -1 + 1)?
8
-16 - (-7 + -30 + 4 - 12)
29
Evaluate (20 - 40 - -58) + (3 - 18).
23
(29 - 8) + -15 + 11
17
What is the value of (-1 - (5 + -2)) + 7 - (2 + 6)?
-5
(0 - -9 - 16) + (-2 - -17)
8
Evaluate 102 - 101 - (18 - 2) - (1 + -8).
-8
What is the value of (1 + 4 - 10) + (-4 - -5 - -4)?
0
Evaluate -8 + ((3 - (-4 - -5)) + -5 - -3).
-8
What is the value of -24 - (3 + (-9 - 41))?
23
Calculate (-21 - -11) + -3 + 23 - (24 + -2).
-12
Calculate -29 + 34 + -5 - (6 + -2).
-4
What is the value of 8 - (7 + (6 - 13)) - 7?
1
Evaluate 4 + 1 + -2 - (16 - 7 - 2).
-4
What is 17 - (4 + 7 + 8)?
-2
What is the value of (1 - 1) + (3 - (0 - -8)) + 2?
-3
Calculate -13 + -3 + 25 - (18 + 3).
-12
-17 + 0 + (-71 - (31 + -132))
13
Calculate 1 + -17 + (-105 - -120) - -11.
10
What is the value of -2 + 9 + (7 - 12 - -16) + 2?
20
What is 1 + 1 - -2 - (-1 - -11)?
-6
Evaluate -34 + (4 - (8 - 20)) + -15.
-33
What is 27 - (17 + 7) - 1?
2
Calculate 3 + (14 - (20 + -9)).
6
-8 + (-1 + -8 - (-28 - -20))
-9
(6 - 14) + 30 + -17
5
Calculate 7 + 6 + 8 + -12.
9
Calculate -19 - ((3 - -1) + 12 + -6 + -14).
-15
Calculate 0 - (-35 - -70) - -16.
-19
Evaluate 4 + -6 + -18 + 9 + -4.
-15
Calculate (5 - -1 - 8) + -12 - -6.
-8
What is 7 - (23 - 13 - -7)?
-10
Evaluate (-10 - (-5 - (3 + -10 + 5))) + 10.
3
Calculate (16 - 14) + -6 + -8.
-12
6 - (45 + -33 - (2 + -1))
-5
What is -2 + 4 + (-15 - (21 - 25))?
-9
What is (2 - (7 + 0) - 12) + 1?
-16
Evaluate 36 - (-8 + (22 - -4)).
18
Calculate -6 + (17 - 16) + 8.
3
481 - 476 - (0 - 2)
7
What is (-2 - 6) + -1 + -1 + (9 - -10)?
9
What is the value of 14 + 3 + (0 + -3 - (-95 - -95))?
14
Calculate 8 - (-32 + 22 + 5).
13
Calculate (-42 - -19) + 36 - (-4 + 1).
16
What is the value of (-204 - -215) + -2 + 4 + -8?
5
-5 - ((4 + 7 - 5) + (-2 - 0))
-9
What is -16 - 10 - -24 - (-8 - (3 + -2))?
7
Calculate -6 + -14 - (-4 + -5).
-11
Evaluate -14 - -12 - (2 + -2 - 4 - -6).
-4
Evaluate 25 - 10 - (-73 - -125).
-37
What is 25 - 5 - (-5 + 14)?
11
What is (-73 - -74) + (5 + -3 - (1 - 14))?
16
What is the value of -3 + -2 + -9 + 9 + (-9 - -2)?
-12
What is (-15 - -12) + -9 - 14?
-26
What is -7 + (10 - (3 + -3) - 3)?
0
(-3 - 2) + (7 - 7 - -18) + -11
2
Calculate -7 - (4 + 4 - (10 - -10)).
5
What is 5 + 5 + -7 + (7 - (-2 - -8))?
4
Calculate (2 - 0 - 14) + 110 + -109.
-11
What is (-14 - (0 - 10)) + 11 + -2 - -1?
6
Calculate -1 - (4 - 0) - (4 + -25 + -10).
26
Calculate 13 + (0 - (-17 + 50)).
-20
What is -3 + -9 - 2 - -4?
-10
What is -7 + -2 - ((-11 - 0) + 26 + -13)?
-11
What is 5 - -41 - (25 + (5 - 16))?
32
What is the value of (14 + -30 + -5 - -18) + 1 + 6?
4
What is the value of 9 - (-2 + (-9 - -17)) - (2 - -2)?
-1
Calculate 1 + -12 + 9 - -13.
11
Calculate 53 + -68 - (-7 - -1) - 6.
-15
Evaluate 5 - -3 - 9 - 8.
-9
Calculate -93 + 83 + 5 + 0.
-5
What is the value of 5 - -14 - 13 - 20?
-14
359 - 365 - (-1 - -7)
-12
Evaluate -30 + 9 + 12 + 40 + -2 + 0.
29
Evaluate 774 + -797 - (-3 - 38).
18
Calculate (-44 - -23) + 0 - 14.
-35
What is 2 + 12 + 28 + -11 + -15?
16
1 - (-22 + (-4 - -5) + 8)
14
-6 + 27 + (-19 - -23 - (1 + 8))
16
What is the value of 10 + (15 - (23 + 6)) - (23 - 0)?
-27
Calculate -1 + 3 + (2 - (-1 + -1)) + -9.
-3
Evaluate 3 + -32 - (-27 - -17).
-19
-29 - (-6 + (0 - (-4 - -8)))
-19
-11 + (10 - -9) - (9 + -2)
1
Evaluate (27 - -2 - (-32 + 33)) + (-2 - 2).
24
Evaluate -1 + 0 + (12 + -27 - -7).
-9
Evaluate 62 + -64 + 2 + -3 + 6.
3
Evaluate 9 + -28 - -18 - (0 + -7).
6
What is (11 - -3) + -3 - (279 - 267)?
-1
Evaluate 3 + (4 - -2) + -6 + 3 + 7.
13
What is the value of -4 + 9 + -14 + 13 + 2?
6
14 + 0 - 0 - 4
10
Calculate (-7 - (-23 - -18)) + -2.
-4
What is 24 + -16 + -28 + 27?
7
Evaluate 70 + -64 + (-2 - (-4 - -1)).
7
What is the value of (3 - 14) + 0 + 1 - (1051 - 1059)?
-2
Evaluate -41 - -53 - 38 - (-1 + -4).
-21
Evaluate -9 + (28 - 14) - 16.
-11
Evaluate 12 + (-4 - -1) + (8 - -6) + -15.
8
What is 13 - ((-18 - -30) + 5)?
-4
Evaluate -4 + 18 + -32 - -26.
8
What is the value of (3 - -11) + (-32 - 16) - -9?
-25
Calculate 38 + -45 - -44 - 35.
2
Evaluate 6 - 16 - -22 - -9.
21
Calculate -4 - (10 + 4 + 3) - -9.
-12
Evaluate 135 + -156 + 2 + -1.
-20
Calculate -5 + (-3 + -2 - (-20 - -11)).
-1
Evaluate -113 - -71 - (-1 - (13 - 5)).
-33
What is -24 + (0 - -29) + 12?
17
-11 - (0 + 18 - (5 - 1))
-25
What is the value of -1 + -2 + (28 - -7) + -12?
20
Calculate 37 + -59 + -6 - 6.
-34
What is 4 + 0 + -1 + -87 + 70?
-14
Evaluate -67 + 50 - ((3 - 10) + -1).
-9
-11 + 29 + -10 - (16 + -2)
-6
What is the value of 33 - ((12 - 5 - 3) + -11 + 15)?
25
What is 1 + -2 + 320 + -304?
15
What is -9 + 4 - (11 + -5 + -3 - 1)?
-7
Evaluate -3 + 16 - (18 + -14 + 0 + 0).
9
What is the value of 11 - 28 - (-1 + -31)?
15
What is the value of -15 + (-10 - -4 - -8) - -6?
-7
Evaluate (102 - 95) + 10 + -1 - 8.
8
Calculate 11 + (-2 - 6) + 2 + 4.
9
What is (-2 + -6 - (-69 + 49)) + 4?
16
Calculate -2 + -3 + -1 + 2 + (-19 - -10).
-13
Evaluate 2 - (-7 + (-9 - -31)).
-13
320 + -332 + (4 - -1 - -2)
-5
Calculate 12 + (-8 - (-14 + 2)) - -3.
19
Evaluate (3 - -21 - (1 - -9)) + -10.
4
What is (4 + -2 + 2 - (15 - 6)) + -10?
-15
(5 - (20 - 9)) + (44 - (1 - -7))
30
Evaluate (13 - ((7 - -4 - 6) + -14)) + -3.
19
Evaluate -1 + 0 + (6 - (6 - (3 + 0))).
2
Evaluate 10 + (-2 - ((-6 + 6 - 1) + -8)).
17
What is 23 - (-2 + 17 - -8)?
0
What is the value of -12 - (-21 - (-5 - 20))?
-16
Calculate (9 - -2) + -16 + 54 + -32.
17
-14 + -2 - (-81 - -93)
-28
Calculate 3 + (0 - 7) - -12.
8
What is the value of 20 + -19 + -5 + 19?
15
-38 + 52 + -14 + 4
4
Calculate -5 + (3 - (10 + -10)) + -11.
-13
Calculate 6 - 12 - (4 + (0 - 1 - 2)).
-7
Calculate 27 - (16 + -3) - 0.
14
What is 17 - 22 - (-7 - (4 + -6 + 3))?
3
What is the value of (41 + -13 - 18 - (10 - -2)) + 3?
1
What is the value of (-87 - -80) + -1 + 16?
8
What is (-5 - 17) + (-18 + 6 - -14)?
-20
Calculate 1 - (-14 